{"id":13,"date":"2020-05-26T14:04:52","date_gmt":"2020-05-26T14:04:52","guid":{"rendered":"https:\/\/www.ondabenavente.es\/?page_id=13"},"modified":"2020-06-13T09:40:25","modified_gmt":"2020-06-13T09:40:25","slug":"inicio","status":"publish","type":"page","link":"https:\/\/www.ondabenavente.es\/","title":{"rendered":"ONDA BENAVENTE"},"content":{"rendered":"\t\t<div data-elementor-type=\"wp-page\" data-elementor-id=\"13\" class=\"elementor elementor-13\">\n\t\t\t\t\t\t<section class=\"elementor-section elementor-top-section elementor-element elementor-element-92d4c01 elementor-section-boxed elementor-section-height-default elementor-section-height-default\" data-id=\"92d4c01\" data-element_type=\"section\" data-e-type=\"section\">\n\t\t\t\t\t\t<div class=\"elementor-container elementor-column-gap-default\">\n\t\t\t\t\t<div class=\"elementor-column elementor-col-100 elementor-top-column elementor-element elementor-element-ac6987b\" data-id=\"ac6987b\" data-element_type=\"column\" data-e-type=\"column\">\n\t\t\t<div class=\"elementor-widget-wrap elementor-element-populated\">\n\t\t\t\t\t\t<div class=\"elementor-element elementor-element-021b166 elementor-widget elementor-widget-image\" data-id=\"021b166\" data-element_type=\"widget\" data-e-type=\"widget\" data-widget_type=\"image.default\">\n\t\t\t\t\t\t\t\t\t\t\t\t\t\t\t<img fetchpriority=\"high\" decoding=\"async\" width=\"768\" height=\"1162\" src=\"https:\/\/www.ondabenavente.es\/wp-content\/uploads\/2020\/05\/LOGO-ONDA-BENAVENTE-TEXTO-768x1162.png\" class=\"attachment-medium_large size-medium_large wp-image-15\" alt=\"\" srcset=\"https:\/\/www.ondabenavente.es\/wp-content\/uploads\/2020\/05\/LOGO-ONDA-BENAVENTE-TEXTO-768x1162.png 768w, https:\/\/www.ondabenavente.es\/wp-content\/uploads\/2020\/05\/LOGO-ONDA-BENAVENTE-TEXTO-198x300.png 198w, https:\/\/www.ondabenavente.es\/wp-content\/uploads\/2020\/05\/LOGO-ONDA-BENAVENTE-TEXTO-677x1024.png 677w, https:\/\/www.ondabenavente.es\/wp-content\/uploads\/2020\/05\/LOGO-ONDA-BENAVENTE-TEXTO-1015x1536.png 1015w, https:\/\/www.ondabenavente.es\/wp-content\/uploads\/2020\/05\/LOGO-ONDA-BENAVENTE-TEXTO-1354x2048.png 1354w\" sizes=\"(max-width: 768px) 100vw, 768px\" \/>\t\t\t\t\t\t\t\t\t\t\t\t\t\t\t<\/div>\n\t\t\t\t\t<\/div>\n\t\t<\/div>\n\t\t\t\t\t<\/div>\n\t\t<\/section>\n\t\t\t\t<section class=\"elementor-section elementor-top-section elementor-element elementor-element-ffebecb elementor-section-boxed elementor-section-height-default elementor-section-height-default\" data-id=\"ffebecb\" data-element_type=\"section\" data-e-type=\"section\">\n\t\t\t\t\t\t<div class=\"elementor-container elementor-column-gap-default\">\n\t\t\t\t\t<div class=\"elementor-column elementor-col-100 elementor-top-column elementor-element elementor-element-616a826\" data-id=\"616a826\" data-element_type=\"column\" data-e-type=\"column\">\n\t\t\t<div class=\"elementor-widget-wrap elementor-element-populated\">\n\t\t\t\t\t\t<div class=\"elementor-element elementor-element-3f04288 elementor-widget elementor-widget-shortcode\" data-id=\"3f04288\" data-element_type=\"widget\" data-e-type=\"widget\" data-widget_type=\"shortcode.default\">\n\t\t\t\t\t\t\t<div class=\"elementor-shortcode\">\r\n\t<div class='wp-lunaradio' id='wp550313191' style='width:100%; height:70px; \r\n  -webkit-border-top-left-radius: 0px;\r\n  -webkit-border-top-right-radius: 0px;\r\n  -webkit-border-bottom-right-radius: 0px;\r\n  -webkit-border-bottom-left-radius: 0px;\r\n  -moz-border-radius-topleft: 0px;\r\n  -moz-border-radius-topright: 0px;\r\n  -moz-border-radius-bottomright: 0px;\r\n  -moz-border-radius-bottomleft: 0px;\r\n  border-top-left-radius: 0px;\r\n  border-top-right-radius: 0px;\r\n  border-bottom-right-radius: 0px;\r\n  border-bottom-left-radius: 0px;\r\n  border: none;' \r\n  data-token='YWBWU1RXYFNoV2BmVyBXZQ==' \r\n  data-userinterface='small'   \r\n  data-backgroundcolor='rgba(14,16,21,1)' \r\n  data-fontcolor='#ffffff' \r\n  data-hightlightcolor='#01a1fe' \r\n  data-fontname='' \r\n  data-googlefont='' \r\n  data-fontratio='0.4' \r\n  data-radioname='ONDA BENAVENTE' \r\n  data-scroll='true' \r\n  data-coverimage='https:\/\/www.ondabenavente.es\/wp-content\/uploads\/2020\/05\/favicon-ondabenavente.png' \r\n  data-onlycoverimage='false' \r\n  data-coverstyle='square' \r\n  data-usevisualizer='fake' \r\n  data-visualizertype='4' \r\n  data-itunestoken='1000lIPN' \r\n  data-metadatatechnic='corsproxy' \r\n  data-ownmetadataurl='https:\/\/s32.myradiostream.com\/17728\/listen.mp3' \r\n  data-corsproxy='' \r\n  data-usestreamcorsproxy='false' \r\n  data-streamurl='https:\/\/s32.myradiostream.com:17729' \r\n  data-streamtype='icecast2' \r\n  data-icecastmountpoint='\/stream' \r\n  data-radionomyid='' \r\n  data-radionomyapikey='' \r\n  data-radiojarid='' \r\n  data-radiocoid='sdef46f462' \r\n  data-shoutcastpath='\/live' \r\n  data-shoutcastid='1' \r\n  data-streamsuffix='' \r\n  data-metadatainterval='5000' \r\n  data-volume='90' \r\n  data-debug='false'>\r\n  <div style='height: 0px; width:0px; overflow: hidden;'>  \r\n  <a href='https:\/\/radioplayer.luna-universe.com' title='html Radio Player with real audio visualizer'>HTML5 RADIO PLAYER PLUGIN WITH REAL VISUALIZER<\/a> powered by <a href='https:\/\/www.sodah.de' title='wordpress webdesign Dexheim'>Sodah Webdesign Dexheim<\/a>\r\n  <\/div>\r\n  <\/div>\r\n\t<\/div>\n\t\t\t\t\t\t<\/div>\n\t\t\t\t\t<\/div>\n\t\t<\/div>\n\t\t\t\t\t<\/div>\n\t\t<\/section>\n\t\t\t\t<\/div>\n\t\t","protected":false},"excerpt":{"rendered":"","protected":false},"author":1,"featured_media":0,"parent":0,"menu_order":0,"comment_status":"closed","ping_status":"closed","template":"elementor_canvas","meta":{"footnotes":""},"class_list":["post-13","page","type-page","status-publish","hentry"],"yoast_head":"<!-- This site is optimized with the Yoast SEO plugin v27.4 - https:\/\/yoast.com\/product\/yoast-seo-wordpress\/ -->\n<title>ONDA BENAVENTE - La mejor m\u00fasica espa\u00f1ola e internacional<\/title>\n<meta name=\"description\" content=\"ONDA BENAVENTE - La mejor m\u00fasica espa\u00f1ola e internacional. Una radio espa\u00f1ola con todos los \u00e9xitos del pop y rock desde los 80&#039;s hasta los \u00e9xitos de HOY.\" \/>\n<meta name=\"robots\" content=\"index, follow, max-snippet:-1, max-image-preview:large, max-video-preview:-1\" \/>\n<link rel=\"canonical\" href=\"https:\/\/www.ondabenavente.es\/\" \/>\n<meta property=\"og:locale\" content=\"es_ES\" \/>\n<meta property=\"og:type\" content=\"article\" \/>\n<meta property=\"og:title\" content=\"ONDA BENAVENTE - La mejor m\u00fasica espa\u00f1ola e internacional\" \/>\n<meta property=\"og:description\" content=\"ONDA BENAVENTE - La mejor m\u00fasica espa\u00f1ola e internacional. Una radio espa\u00f1ola con todos los \u00e9xitos del pop y rock desde los 80&#039;s hasta los \u00e9xitos de HOY.\" \/>\n<meta property=\"og:url\" content=\"https:\/\/www.ondabenavente.es\/\" \/>\n<meta property=\"og:site_name\" content=\"ONDA BENAVENTE\" \/>\n<meta property=\"article:modified_time\" content=\"2020-06-13T09:40:25+00:00\" \/>\n<meta property=\"og:image\" content=\"https:\/\/www.ondabenavente.es\/wp-content\/uploads\/2020\/05\/LOGO-ONDA-BENAVENTE-TEXTO-768x1162.png\" \/>\n<meta name=\"twitter:card\" content=\"summary_large_image\" \/>\n<meta name=\"twitter:label1\" content=\"Tiempo de lectura\" \/>\n\t<meta name=\"twitter:data1\" content=\"1 minuto\" \/>\n<script type=\"application\/ld+json\" class=\"yoast-schema-graph\">{\"@context\":\"https:\\\/\\\/schema.org\",\"@graph\":[{\"@type\":\"WebPage\",\"@id\":\"https:\\\/\\\/www.ondabenavente.es\\\/\",\"url\":\"https:\\\/\\\/www.ondabenavente.es\\\/\",\"name\":\"ONDA BENAVENTE - La mejor m\u00fasica espa\u00f1ola e internacional\",\"isPartOf\":{\"@id\":\"https:\\\/\\\/www.ondabenavente.es\\\/#website\"},\"primaryImageOfPage\":{\"@id\":\"https:\\\/\\\/www.ondabenavente.es\\\/#primaryimage\"},\"image\":{\"@id\":\"https:\\\/\\\/www.ondabenavente.es\\\/#primaryimage\"},\"thumbnailUrl\":\"https:\\\/\\\/www.ondabenavente.es\\\/wp-content\\\/uploads\\\/2020\\\/05\\\/LOGO-ONDA-BENAVENTE-TEXTO-768x1162.png\",\"datePublished\":\"2020-05-26T14:04:52+00:00\",\"dateModified\":\"2020-06-13T09:40:25+00:00\",\"description\":\"ONDA BENAVENTE - La mejor m\u00fasica espa\u00f1ola e internacional. Una radio espa\u00f1ola con todos los \u00e9xitos del pop y rock desde los 80's hasta los \u00e9xitos de HOY.\",\"breadcrumb\":{\"@id\":\"https:\\\/\\\/www.ondabenavente.es\\\/#breadcrumb\"},\"inLanguage\":\"es\",\"potentialAction\":[{\"@type\":\"ReadAction\",\"target\":[\"https:\\\/\\\/www.ondabenavente.es\\\/\"]}]},{\"@type\":\"ImageObject\",\"inLanguage\":\"es\",\"@id\":\"https:\\\/\\\/www.ondabenavente.es\\\/#primaryimage\",\"url\":\"https:\\\/\\\/www.ondabenavente.es\\\/wp-content\\\/uploads\\\/2020\\\/05\\\/LOGO-ONDA-BENAVENTE-TEXTO.png\",\"contentUrl\":\"https:\\\/\\\/www.ondabenavente.es\\\/wp-content\\\/uploads\\\/2020\\\/05\\\/LOGO-ONDA-BENAVENTE-TEXTO.png\",\"width\":2295,\"height\":3472},{\"@type\":\"BreadcrumbList\",\"@id\":\"https:\\\/\\\/www.ondabenavente.es\\\/#breadcrumb\",\"itemListElement\":[{\"@type\":\"ListItem\",\"position\":1,\"name\":\"Portada\",\"item\":\"https:\\\/\\\/www.ondabenavente.es\\\/\"},{\"@type\":\"ListItem\",\"position\":2,\"name\":\"ONDA BENAVENTE\"}]},{\"@type\":\"WebSite\",\"@id\":\"https:\\\/\\\/www.ondabenavente.es\\\/#website\",\"url\":\"https:\\\/\\\/www.ondabenavente.es\\\/\",\"name\":\"ONDA BENAVENTE\",\"description\":\"Todos los \u00e9xitos nacionales e internacionales\",\"publisher\":{\"@id\":\"https:\\\/\\\/www.ondabenavente.es\\\/#organization\"},\"potentialAction\":[{\"@type\":\"SearchAction\",\"target\":{\"@type\":\"EntryPoint\",\"urlTemplate\":\"https:\\\/\\\/www.ondabenavente.es\\\/?s={search_term_string}\"},\"query-input\":{\"@type\":\"PropertyValueSpecification\",\"valueRequired\":true,\"valueName\":\"search_term_string\"}}],\"inLanguage\":\"es\"},{\"@type\":\"Organization\",\"@id\":\"https:\\\/\\\/www.ondabenavente.es\\\/#organization\",\"name\":\"ONDA BENAVENTE\",\"url\":\"https:\\\/\\\/www.ondabenavente.es\\\/\",\"logo\":{\"@type\":\"ImageObject\",\"inLanguage\":\"es\",\"@id\":\"https:\\\/\\\/www.ondabenavente.es\\\/#\\\/schema\\\/logo\\\/image\\\/\",\"url\":\"https:\\\/\\\/www.ondabenavente.es\\\/wp-content\\\/uploads\\\/2020\\\/05\\\/favicon-ondabenavente.png\",\"contentUrl\":\"https:\\\/\\\/www.ondabenavente.es\\\/wp-content\\\/uploads\\\/2020\\\/05\\\/favicon-ondabenavente.png\",\"width\":512,\"height\":512,\"caption\":\"ONDA BENAVENTE\"},\"image\":{\"@id\":\"https:\\\/\\\/www.ondabenavente.es\\\/#\\\/schema\\\/logo\\\/image\\\/\"}}]}<\/script>\n<!-- \/ Yoast SEO plugin. -->","yoast_head_json":{"title":"ONDA BENAVENTE - La mejor m\u00fasica espa\u00f1ola e internacional","description":"ONDA BENAVENTE - La mejor m\u00fasica espa\u00f1ola e internacional. Una radio espa\u00f1ola con todos los \u00e9xitos del pop y rock desde los 80's hasta los \u00e9xitos de HOY.","robots":{"index":"index","follow":"follow","max-snippet":"max-snippet:-1","max-image-preview":"max-image-preview:large","max-video-preview":"max-video-preview:-1"},"canonical":"https:\/\/www.ondabenavente.es\/","og_locale":"es_ES","og_type":"article","og_title":"ONDA BENAVENTE - La mejor m\u00fasica espa\u00f1ola e internacional","og_description":"ONDA BENAVENTE - La mejor m\u00fasica espa\u00f1ola e internacional. Una radio espa\u00f1ola con todos los \u00e9xitos del pop y rock desde los 80's hasta los \u00e9xitos de HOY.","og_url":"https:\/\/www.ondabenavente.es\/","og_site_name":"ONDA BENAVENTE","article_modified_time":"2020-06-13T09:40:25+00:00","og_image":[{"url":"https:\/\/www.ondabenavente.es\/wp-content\/uploads\/2020\/05\/LOGO-ONDA-BENAVENTE-TEXTO-768x1162.png","type":"","width":"","height":""}],"twitter_card":"summary_large_image","twitter_misc":{"Tiempo de lectura":"1 minuto"},"schema":{"@context":"https:\/\/schema.org","@graph":[{"@type":"WebPage","@id":"https:\/\/www.ondabenavente.es\/","url":"https:\/\/www.ondabenavente.es\/","name":"ONDA BENAVENTE - La mejor m\u00fasica espa\u00f1ola e internacional","isPartOf":{"@id":"https:\/\/www.ondabenavente.es\/#website"},"primaryImageOfPage":{"@id":"https:\/\/www.ondabenavente.es\/#primaryimage"},"image":{"@id":"https:\/\/www.ondabenavente.es\/#primaryimage"},"thumbnailUrl":"https:\/\/www.ondabenavente.es\/wp-content\/uploads\/2020\/05\/LOGO-ONDA-BENAVENTE-TEXTO-768x1162.png","datePublished":"2020-05-26T14:04:52+00:00","dateModified":"2020-06-13T09:40:25+00:00","description":"ONDA BENAVENTE - La mejor m\u00fasica espa\u00f1ola e internacional. Una radio espa\u00f1ola con todos los \u00e9xitos del pop y rock desde los 80's hasta los \u00e9xitos de HOY.","breadcrumb":{"@id":"https:\/\/www.ondabenavente.es\/#breadcrumb"},"inLanguage":"es","potentialAction":[{"@type":"ReadAction","target":["https:\/\/www.ondabenavente.es\/"]}]},{"@type":"ImageObject","inLanguage":"es","@id":"https:\/\/www.ondabenavente.es\/#primaryimage","url":"https:\/\/www.ondabenavente.es\/wp-content\/uploads\/2020\/05\/LOGO-ONDA-BENAVENTE-TEXTO.png","contentUrl":"https:\/\/www.ondabenavente.es\/wp-content\/uploads\/2020\/05\/LOGO-ONDA-BENAVENTE-TEXTO.png","width":2295,"height":3472},{"@type":"BreadcrumbList","@id":"https:\/\/www.ondabenavente.es\/#breadcrumb","itemListElement":[{"@type":"ListItem","position":1,"name":"Portada","item":"https:\/\/www.ondabenavente.es\/"},{"@type":"ListItem","position":2,"name":"ONDA BENAVENTE"}]},{"@type":"WebSite","@id":"https:\/\/www.ondabenavente.es\/#website","url":"https:\/\/www.ondabenavente.es\/","name":"ONDA BENAVENTE","description":"Todos los \u00e9xitos nacionales e internacionales","publisher":{"@id":"https:\/\/www.ondabenavente.es\/#organization"},"potentialAction":[{"@type":"SearchAction","target":{"@type":"EntryPoint","urlTemplate":"https:\/\/www.ondabenavente.es\/?s={search_term_string}"},"query-input":{"@type":"PropertyValueSpecification","valueRequired":true,"valueName":"search_term_string"}}],"inLanguage":"es"},{"@type":"Organization","@id":"https:\/\/www.ondabenavente.es\/#organization","name":"ONDA BENAVENTE","url":"https:\/\/www.ondabenavente.es\/","logo":{"@type":"ImageObject","inLanguage":"es","@id":"https:\/\/www.ondabenavente.es\/#\/schema\/logo\/image\/","url":"https:\/\/www.ondabenavente.es\/wp-content\/uploads\/2020\/05\/favicon-ondabenavente.png","contentUrl":"https:\/\/www.ondabenavente.es\/wp-content\/uploads\/2020\/05\/favicon-ondabenavente.png","width":512,"height":512,"caption":"ONDA BENAVENTE"},"image":{"@id":"https:\/\/www.ondabenavente.es\/#\/schema\/logo\/image\/"}}]}},"_links":{"self":[{"href":"https:\/\/www.ondabenavente.es\/index.php?rest_route=\/wp\/v2\/pages\/13","targetHints":{"allow":["GET"]}}],"collection":[{"href":"https:\/\/www.ondabenavente.es\/index.php?rest_route=\/wp\/v2\/pages"}],"about":[{"href":"https:\/\/www.ondabenavente.es\/index.php?rest_route=\/wp\/v2\/types\/page"}],"author":[{"embeddable":true,"href":"https:\/\/www.ondabenavente.es\/index.php?rest_route=\/wp\/v2\/users\/1"}],"replies":[{"embeddable":true,"href":"https:\/\/www.ondabenavente.es\/index.php?rest_route=%2Fwp%2Fv2%2Fcomments&post=13"}],"version-history":[{"count":48,"href":"https:\/\/www.ondabenavente.es\/index.php?rest_route=\/wp\/v2\/pages\/13\/revisions"}],"predecessor-version":[{"id":78,"href":"https:\/\/www.ondabenavente.es\/index.php?rest_route=\/wp\/v2\/pages\/13\/revisions\/78"}],"wp:attachment":[{"href":"https:\/\/www.ondabenavente.es\/index.php?rest_route=%2Fwp%2Fv2%2Fmedia&parent=13"}],"curies":[{"name":"wp","href":"https:\/\/api.w.org\/{rel}","templated":true}]}}